. Suppose 12 = -4*f, 4*a + 3*f + 10 = f. Let r be j(a). What are the prime factors of r*1 + 18/3?
2
Suppose 5*i - 5*y - 58 = 2, 0 = -y + 3. Suppose 3*v = i + 27. What are the prime factors of v?
2, 7
Let p be 8/(-20)*-1*80. Suppose -2*b + p = o, -4*o - 2*b = -0*o - 134. List the prime factors of o.
2, 17
Suppose 5*g - 3*g - 566 = 0. Suppose n - 2*n = 5*p - 356, -4*p + n = -g. Suppose -16 + p = 5*m. What are the prime factors of m?
11
What are the prime factors of (-9273)/(-143) - 4/(-26)?
5, 13
Let l(m) = m**3 + 3*m**2 - 2*m + 5. Let g be l(-4). Let x be 1/g*(2 + -17). Suppose x*j + 2*n = 55, 6*j - 5*j + 1 = 2*n. What are the prime factors of j?
3
Let z(v) = 9*v**2 + 5 + v**3 + 4*v + 0*v**2 + 0*v**2. Let l be z(-7). Suppose 2*n - 7*n = -l. What are the prime factors of n?
3, 5
Let n be 275/7 - (-4)/(-14). Suppose -2*h - h + n = 0. What are the prime factors of h?
13
Suppose -72 = -5*j + 598. Suppose -j = -3*z + 46. Suppose 0 = 5*r - 10*r + z. List the prime factors of r.
2, 3
Suppose 4*y - 3*h + h = 78, 15 = 3*h. Suppose -2*v - y = -0*v. Let c = -6 - v. What are the prime factors of c?
5
Suppose -3*h + 77 = -22. What are the prime factors of h?
3, 11
Let i = 0 - 6. Let q(j) = -j + 7. Let z be q(i). Suppose -5*c + 8 + 24 = 2*y, z = y + c. What are the prime factors of y?
11
Let m be 1 - (5 + -1*2). Let p be ((-1)/2)/(m/(-32)). List the prime factors of (p - -4)/(2/(-1)).
2
Let k(f) = f**2 + 6*f - 2. Let b be k(-7). Suppose b + 4 = t. Let z = t - 0. List the prime factors of z.
3
Let u = -5 - -8. Let a = u - 27. What are the prime factors of 10/4*a/(-15)?
2
Suppose -y + 5 = 2*u - 0, 0 = y + 3*u - 7. Let l be 3 + -7 + 1/y. List the prime factors of l*((-58)/6 - -3).
2, 5
Let b(i) = 3*i**3 - 3*i**2 - 2*i - 4. What are the prime factors of b(4)?
2, 3, 11
Suppose m + m + 4*q - 16 = 0, 5*m + 2*q = 48. What are the prime factors of m?
2, 5
Let i(l) = 20*l**2 + 4. List the prime factors of i(2).
2, 3, 7
Suppose c - 1 = 3*s - 5, 2*s + 5*c - 31 = 0. Suppose 3*t = -s*p + 4*p + 35, 0 = 5*t + 5*p - 45. Let x = -3 + t. List the prime factors of x.
2
Suppose 10 = -2*i - 8. Suppose 34 = 2*f + u - 0*u, 4*u = 8. Let d = i + f. What are the prime factors of d?
7
Let c(b) = -2*b**3 - 13*b**2 + 7*b + 10. List the prime factors of c(-7).
2, 5
Suppose -6*x - 3 = -3*x. Let i = x + -6. List the prime factors of -2 - (i - (0 + 0)).
5
Suppose 4*f + 132 = 544. What are the prime factors of f?
103
Let n(k) = -3*k. Let r be n(-1). Suppose -r*v = v. Let t = 5 + v. List the prime factors of t.
5
Let k(o) = o - 3. Let n be k(3). Suppose n = v - 21. List the prime factors of v.
3, 7
Suppose 8 = 4*s - 16. What are the prime factors of ((-15)/9)/(s/(-90))?
5
Let o(l) = -l**2 + 9*l - 4. Let z be -2 + 8 + -1 + 3. List the prime factors of o(z).
2
Let a = 3 + -6. Let v(w) be the third derivative of -w**6/120 - w**5/60 + w**4/24 - 2*w**3/3 + w**2. List the prime factors of v(a).
11
Suppose -3*h + v = -2*h + 1, 0 = -5*h + 4*v - 1. Suppose h*g = g. Suppose -5*k + 32 + 13 = g. What are the prime factors of k?
3
Let h(i) = -9*i + 30. List the prime factors of h(-23).
3, 79
Let f(h) = h**3 + 3*h**2 - h - 1. Suppose m - 1 = 2*m. Let c be (-3*(0 - 1))/m. What are the prime factors of f(c)?
2
List the prime factors of 11/(0 + (-2)/(-40)).
2, 5, 11
Suppose 5*y + 11 = 506. List the prime factors of y.
3, 11
Let v = -20 + 13. Let a = 12 + v. Suppose a*q = -0*q + 25. What are the prime factors of q?
5
List the prime factors of (-5 - 2)/(5/(-30)).
2, 3, 7
What are the prime factors of -4 - 8*(-105)/6?
2, 17
Let b = -49 + 81. Suppose 0 = -f + 4 - 23. Let j = b + f. What are the prime factors of j?
13
Let t be (0 + 0)/(-1 + 0). Let f(h) = 0*h**2 + t*h**2 + h**3 + 5*h**2 - 5 + h. List the prime factors of f(-4).
7
List the prime factors of (273/(-9) + 2)*-3*3.
3, 5, 17
Let o = 11 - 63. Let t = -29 - o. What are the prime factors of t?
23
Let r(s) be the second derivative of 0 - 1/20*s**5 - 5/2*s**2 + 1/3*s**3 - 4*s + 7/12*s**4. List the prime factors of r(7).
3
Suppose -4*x + 4*z - 60 = 0, x - 2*z + 54 = -3*x. Let y = -5 + -21. Let n = x - y. List the prime factors of n.
2, 7
Let c = -4 - -2. Let i be (c - 0) + 0 + -2. Let v = i + 8. List the prime factors of v.
2
Let v = 100 + -66. List the prime factors of v.
2, 17
Let q be (16/10)/(10/25). Suppose c - 10 - 1 = q*a, 3*a = 0. What are the prime factors of c?
11
List the prime factors of 3856/28 + -3 - 2/(-7).
3, 5
What are the prime factors of ((-2)/3)/(12/(-2790))?
5, 31
Let j(n) = 3*n**2 + 2*n. Let s = 3 - 2. Let b(u) = u + 1. Let h(a) = s*j(a) + b(a). List the prime factors of h(-2).
7
Suppose -x - z = 4*z - 88, -2*x + 203 = z. What are the prime factors of x?
103
Let d(k) = 6*k**3 - k**2 + k. Let u be d(1). Suppose -u = 2*z, 1 - 8 = 2*t + 3*z. What are the prime factors of t*(1 + 0) + 1?
2
Let r be (-1 + 0 + 0)/(-1). Suppose 0 = i - 2 - r, 0 = -5*u + 5*i - 45. What are the prime factors of (2/6)/((-1)/u)?
2
Suppose 0 = -q + 3*c + 27, 3*q + 5*c - 25 = -0. Suppose 0 = 3*j + d - q, 5*d + 4 = -j - 5. What are the prime factors of j?
2, 3
Let f(d) = 7*d - 8. List the prime factors of f(4).
2, 5
Let l = 0 + 39. Suppose l = 2*s + 11. What are the prime factors of s?
2, 7
Let h(o) = -o + 11. Suppose 5*q = z + 10, -3*q + 32 = 4*z - 2*z. Suppose -12 = 3*y, -4*u + z = 3*y + 62. List the prime factors of h(u).
3, 7
What are the prime factors of (-12)/4 + 250/1 - -2?
3, 83
Let p = 3 + 2. Let c = -2 + p. List the prime factors of c.
3
Suppose f = -z + 9, 28 = 3*z + f + f. Let u(o) = o**3 - 9*o**2 - 10*o + 9. What are the prime factors of u(z)?
3
List the prime factors of (6/(-2))/(3/(-14)).
2, 7
Let q = 20 - 15. What are the prime factors of q?
5
Let z = -8 - -12. Suppose -4*k + 116 = 4*x, 3*x + k = z*x - 27. List the prime factors of x.
2, 7
Let n(m) = -27*m + 22. List the prime factors of n(-5).
157
Suppose 2*x + 2*f = 66, 2*x - f = f + 82. List the prime factors of x.
37
Let y be (-28)/(-16) + 3/(-4). What are the prime factors of (-170)/(-15)*(2 + y)?
2, 17
Let l(p) = 5*p + 2. Let h be l(-5). Let k = h + 36. What are the prime factors of k?
13
Let b = -2 - 0. Let s be (-5)/(6/b - -2). Suppose 10 - 105 = -s*w. What are the prime factors of w?
19
What are the prime factors of 1*1/((-4)/208*-1)?
2, 13
Suppose -2*q + 68 = 2*k, 0*k + 4*k + 50 = 2*q. Let i = q - 18. List the prime factors of i.
13
Let k(a) = a**3 - 4*a**2 + 4. Let r be k(3). List the prime factors of 3 + r + (0 - -33).
31
Let h be (-6)/(-3)*1 + -1. Let l be (h + -4 - -1) + 6. Suppose -l*m + 13 + 3 = 0. List the prime factors of m.
2
Suppose 0 = -5*q + 10*q - 110. Suppose -5*k + 4*j + 19 = 0, 4*j = -2*k + 2*j + q. What are the prime factors of k?
7
Let t(d) = -23*d - 4. Let s(c) = 23*c + 5. Let o(q) = 5*s(q) + 6*t(q). What are the prime factors of o(-1)?
2, 3
Let i = 166 + 58. List the prime factors of i.
2, 7
Suppose -2*t - 5*p = 4, 3*p = t - 4*t + 3. Suppose 2*c - 4 = -2*x - 0*c, -4*c = -4*x + 40. Suppose x*i = t*i + 24. List the prime factors of i.
2
Let v(c) = -c**2 - 4*c + 2. Let n be v(-5). Let w be ((-2)/n)/1*3. What are the prime factors of w + 1 + 1 - 1?
3
List the prime factors of (-4)/(-4) - (-74 - -2).
73
Let r = -24 + 74. List the prime factors of r.
2, 5
Suppose -6*i - 5*h = -i + 70, 5*h - 50 = 5*i. Let b(r) = -r**3 + 3*r**2 + 4*r - 6. Let q be b(4). Let v = q - i. What are the prime factors of v?
2, 3
Suppose -3*x + 461 = -3*m + 95, -3*x - m = -346. List the prime factors of x.
3, 13
Let v = 15 + -30. Let l = v - -28. What are the prime factors of l?
13
Suppose 0 = 5*g - 3*w - 14, 4*g = 9*g + 3*w - 26. Let u be 13/3 - g/12. List the prime factors of u/(-16) - 42/(-8).
5
Let o be (-1 + 6 + -1)*4. Suppose 127 = 5*p - u, -p - 69 = -4*p - 3*u. Let k = p - o. List the prime factors of k.
3
List the prime factors of (-2)/10 + 182/10.
2, 3
Let r = 0 + 0. Suppose r = 2*q - 15 - 27. List the prime factors of (q/(-12))/((-1)/4).
7
Suppose -j - 482 = -3*j + 4*q, -4*j + 3*q + 944 = 0. What are the prime factors of j?
233
Suppose -4*u + 2*k = 562, 4*k = 5*u + 2*k + 701. List the prime factors of u/(-3) + 16/(-12).
3, 5
Suppose 7*y + 380 = 1794. What are the prime factors of y?
2, 101
Suppose 3*s - 30 = 3*x, 3*x + 32 = 8*s - 4*s. Let y = -6 - x. List the prime factors of y.
2
Suppose -3*d